 10 - 5*w**3 - 9. Determine v(1).
-9
Let z(w) = 1. Let t(a) = a + 8. Let b be 12/(-9) + (-3)/(-9). Let c(x) = b*t(x) + z(x). Suppose 3 = -0*j - j. Give c(j).
-4
Let o = -344 - -335. Let z(l) = l**2 + 11*l + 17. Give z(o).
-1
Suppose 4*v = -4*z + 32, -2*v + 1 = -5*z + 4*z. Let h(p) = p**3 - 5*p**2 + 4*p - 6. Determine h(z).
14
Let w(x) = x**2 + 2*x - 1. Let r(p) = -5*p + 16. Let d be r(5). Let z(y) = y**2 + 10*y + 4. Let b be z(d). What is w(b)?
14
Let u(g) be the second derivative of -g**5/60 + g**4/3 - g**3/3 - 12*g**2 - 21*g. Let y(r) be the first derivative of u(r). What is y(7)?
5
Let g(j) = 2*j - j - 4 + j**2 - j**3 + 0*j**2. Suppose -3*l - 1 = -7. Suppose -z + l*s + 6 = -4*z, 3 = -4*z - s. What is g(z)?
-4
Let u(r) = r**2 - 7*r - 2. Let a be u(7). Let h(x) be the third derivative of -1/6*x**3 - 1/12*x**4 + 0 + 0*x + 2*x**2. Give h(a).
3
Let r(k) = -3*k + 5. Let l(y) = 2*y - 4. Let u(c) = 4*l(c) + 3*r(c). Suppose 5*i = -j + 14, -3*j + 4*i = -171 + 186. What is u(j)?
0
Let k(f) be the second derivative of f**3/6 - 12*f. Let d(r) = -r**2 + 10*r - 7. Let a be d(10). Determine k(a).
-7
Let z be (0/(-2 - 0))/2. Let q(t) = 7*t + 8. Let n(v) = -8*v - 9. Let l(r) = 6*n(r) + 7*q(r). Determine l(z).
2
Let f(w) = 2*w**2 + w**2 - 4 - 4*w**2 + 3 + 2*w. Let h be f(3). Let y be 66/9 - h/6. Let m(c) = 2*c - 12. Give m(y).
4
Let q(v) be the third derivative of 0 + 0*v**3 - 24*v**2 - 1/8*v**4 + 0*v. Calculate q(3).
-9
Let n(o) = -4 + o**2 + 2 - 4 + 5. Let m = 0 + -2. Give n(m).
3
Let y(c) = -c + 6 - 4 - 1 + 4. What is y(6)?
-1
Let t(g) = 5*g**2 - 3*g + 2. Let a(i) = i**2 - i + 1. Let u(k) = -4*a(k) + t(k). Let f(j) = -j**2 - 28*j - 75. Let b be f(-25). Calculate u(b).
-2
Let b(q) = -3*q + 6. Let c(x) = -4*x + 5. Let o(z) = -6*b(z) + 5*c(z). Calculate o(-6).
1
Let w(k) = -7*k + 4. Let b be w(0). Suppose 3*r - 3*f = 24, 2*r - b*r - f = -4. Let p(t) = t - 3. What is p(r)?
1
Let i(g) = 12*g + 8. Let u(v) = 11*v + 7. Let m(p) = -4*i(p) + 5*u(p). Determine m(-2).
-11
Suppose 5*a - 6 = 9. Suppose -8 = -a*k + 10. Let z(g) = -g**3 + 5*g**2 + 4*g + 3. Give z(k).
-9
Let x(w) be the first derivative of -w**4 + w**2 - w - 30. Suppose -10 = -3*f - 7. Give x(f).
-3
Let g(a) = a**3 - 8*a**2 - 3*a + 7. Let y be g(8). Let q = 22 + y. Let i(w) be the third derivative of w**4/8 - w**3/2 - w**2. Give i(q).
12
Let y(w) = -2*w**3 - 3*w**2 - 2*w - 1. Let k(j) = j**3 - 22*j**2 + 21*j - 2. Let i be k(21). Give y(i).
7
Suppose -3*n - 4*m + 28 = 0, n + 3*m = -3*n + 28. Let z(v) = 10 - n*v - 4 + 3*v - 2. Give z(6).
-2
Let a(z) = -3*z**2 - 32*z - 31*z + z**2 + 81*z - 20*z + 1. Suppose -4*n + 5 = n. Determine a(n).
-3
Let s be 5/((-18)/(-2) - 8). Let a(m) = m + 3. Give a(s).
8
Suppose 0 = 44*c - 655 - 225. Let i(s) = -s + 10. What is i(c)?
-10
Let f(i) = -7*i + 45. Let u be f(6). Let c(r) = -r**2 - 2*r + 3. What is c(u)?
-12
Let t(d) = 44*d - 16*d - 12*d - 15*d. Calculate t(3).
3
Let i = -101 + 109. Let q(n) = -n**3 + 9*n**2 - 7*n - 3. Give q(i).
5
Suppose -4*z - 560 + 540 = 0. Let p(w) = -w**2 - 5*w - 6. Determine p(z).
-6
Let j(q) = -3*q**2 - 8*q - 5. Let r(c) = 4*c**2 + 8*c + 6. Let i(a) = 3*j(a) + 2*r(a). Let n be i(-8). Let m(g) = g**3 + 2*g**2 + 3*g + 2. Determine m(n).
-16
Let c(l) = -5*l**2 - l - 2. Let q(g) = -2*g - 26 - 4*g**2 + 50 - 25. Let m(s) = 3*c(s) - 4*q(s). Let n be (-2 - 2) + 6/(-3). Calculate m(n).
4
Let r(s) be the second derivative of s**5/20 - 5*s**4/12 + 2*s**3/3 + 5*s**2/2 - 107*s. Give r(4).
5
Let h(o) = -3*o**3 - o + 0*o**3 + 30*o**2 + 2*o**3 - 35 - 65*o**2 + 17*o**2. Give h(-18).
-17
Suppose t = 4*q - 4*t - 27, q + 2*t = -3. Suppose q*o - 18 = -0. Let p(d) = -d**3 + 5*d**2 + 9*d - 8. Give p(o).
10
Let l(u) = u**3 - 9*u**2 + 6*u - 8. Let f = 856 + -848. Give l(f).
-24
Let w(k) be the second derivative of k**4/24 + 2*k**3/3 + k**2/2 + k. Let l(q) be the first derivative of w(q). Let c be (-6)/(-6) + (-18)/3. What is l(c)?
-1
Let k(q) = q**2 + 7*q - 2. Let d(c) = c**2 + 4*c - 3. Let l(h) = -5*d(h) + 4*k(h). Determine l(7).
14
Let h(f) = -f - 8. Let t = 18 - 6. Suppose -9*r - 24 = -t*r. Let u = r + -14. Give h(u).
-2
Let l(k) = 5*k - 1. Let r be 4 + ((-8)/2 - -3). Let t be -11 - (0 + 9/r). Let j = -12 - t. Give l(j).
9
Let n = 1319 + -1313. Let q(b) = -b**3 + 7*b**2 - 9*b + 4. Give q(n).
-14
Let g(y) = -2*y**2 + 5*y - 1. Let z(l) = 97*l**2 + 2*l - 2. Let f be z(1). Let s = f + -93. Calculate g(s).
-13
Suppose -38 - 26 = 2*p - 70. Let u(x) = -1 - 4*x**2 + x**2 + 2*x**2 + 2*x. What is u(p)?
-4
Let q(z) = -z**2 - 6*z - 7. Let t be -4*-3*(-5 - (-63)/14). Calculate q(t).
-7
Let o be -15 + (0 - 3 - -3). Let l be (o/10)/(6/(-56)). Let b = -9 + l. Let d(g) = -g**2 + 8*g - 6. Determine d(b).
9
Suppose 6*n - 13*n = 3*n. Let o(t) = -t**2 - t + 9. What is o(n)?
9
Let w(m) = -m**3 - 6*m**2 - 4*m. Let i be w(-3). Let u be (-3)/2*20/i. Let r(g) = -2*g - g**u - 3 + 3 - 5 + 6*g. Determine r(5).
-10
Let b(a) = -9*a**2 + 29*a + 5. Let y(c) = -5*c**2 + 15*c + 2. Let q(x) = -6*b(x) + 11*y(x). What is q(-8)?
0
Let j(u) = 14*u - 3 - 13*u + 6*u**2 - u**3 - 6*u. Determine j(5).
-3
Suppose -14 = -9*y - 59. Let j(s) = -s**3 - 3*s**2 + 11*s + 3. Calculate j(y).
-2
Let j be 224/42 + (-1)/3. Suppose -p - 4 = -j*p. Let x(u) = -47*u + 4*u**2 + u**2 + 46*u. Determine x(p).
4
Let s(l) = 11*l - 89. Let t be s(8). Let w(m) be the third derivative of -m**6/144 + m**4/8 + m**2. Let g(v) be the second derivative of w(v). Calculate g(t).
5
Let u(c) = 2*c + 2. Let m(j) = j**2 + 11*j - 13. Let n be m(1). Calculate u(n).
0
Let f(y) = 2*y**2 - 6*y - 5. Let x(a) = -a**2. Let p(m) = f(m) + 3*x(m). Let d be 1*-1 - (-15 - 12). Suppose u = o + 2*u + 2, -4*o + 2*u = d. Calculate p(o).
0
Let t(j) be the first derivative of -2*j**3/3 + j + 1. Suppose 0*i = -i - l - 2, 0 = i + 3*l + 4. What is t(i)?
-1
Let v = -27 + 41. Let b = -9 + v. Let i(y) = y**2 - 4*y - 9. Let p(f) = f**2 - 4*f - 10. Let m(u) = -4*i(u) + 3*p(u). What is m(b)?
1
Let r be ((-1)/2)/((-42)/(-504)). Let p(s) = -2*s**2 + 8*s + 6. Let b(k) = -3*k**2 + 16*k + 13. Let g(x) = -3*b(x) + 5*p(x). Calculate g(r).
3
Suppose 0 = 3*w - 5*k - 20, -w + 3 = 2*k - 0. Suppose w*z = 3*i - 22, 0*z - 16 = -4*z. Let x = 15 - i. Let t(d) = 12*d**3 + d. What is t(x)?
13
Let t(h) = 10*h - 1 - h**2 + 3*h + h - 17*h. What is t(0)?
-1
Let g(r) = -r**2 - 5*r - 4. Let f be g(-2). Let z be ((-4)/10)/(f/(-20)). Suppose z*s - 3 = 5. Let h(j) = 4*j + 1. Determine h(s).
9
Suppose 5 = 5*d - 4*n - 5, -5*d + 20 = -2*n. Let r(o) be the third derivative of 0*o - 1/24*o**4 + 2*o**2 + 0 - 1/3*o**3. What is r(d)?
-8
Let b(d) = -11*d**2 + 34*d + 23. Let l(s) = 7*s**2 - 23*s - 16. Let q(c) = -5*b(c) - 8*l(c). What is q(14)?
13
Let t(z) = 2*z - 4. Let a be t(3). Suppose -a = 4*u - 38. Let y(g) = u - 10*g - 1 + 6*g - 5*g + g**2. Give y(7).
-6
Let v(f) = 12*f - 21*f - 4 + 8*f + 3. Give v(-10).
9
Let s = 60 - 68. Let p(r) = r + 3. Determine p(s).
-5
Let l(p) = -24*p - 14 + 6*p**2 - 24*p**2 + 28*p**2 + p**3 + 7*p. Give l(-11).
52
Suppose 2*g - 57 = v - 0*g, -5*v - 267 = -4*g. Let r = -48 - v. Let k(a) = -a - 3. Determine k(r).
-6
Let g = 82 - 26. Let j = g - 51. Let y(t) = t**3 - 6*t**2 + 8*t - 7. Calculate y(j).
8
Let q = 169 - 164. Let o(z) = -z**2 - 3*z + 7. Give o(q).
-33
Let g(z) = 2*z. Let u = -34 + 5. Let s = u + 2. Let k = -24 - s. Determine g(k).
6
Let s(r) = -14*r - 1. Let b be 1/1*-1*3/3. Determine s(b).
13
Suppose u - 4 = 7. Let l = 2 + 4. Let d = l - u. Let c(x) = x**2 + 3*x - 3. What is c(d)?
7
Let n(g) be the third derivative of g**6/120 - g**5/60 + g**4/24 + g**3/3 - 569*g**2 + g. Determine n(-2).
-12
Let u = -2757 + 2753. Let p(q) be the third derivative of q**4/6 - q**3/2 - 2*q**2. Give p(u).
-19
Let j(y) = 2*y**2 - 8 - 4*y**3 + 2*y**2 - y**2 + 9*y**3 - y. Let p(z) = z**2 + 2 + z**3 - 1 - 2. Let g(b) = -j(b) + 4*p(b). What is g(0)?
4
Let u(s) = 90*s**2 + s - 38*s**2 + 5 - 54*s**2. Let j = 8 + -4. Calculate u(j).
-23
Let r(z) be the third derivative of z**7/2520 + z**6/144 - z**5/60 + 31*z**4/24 + 14*z**2. Let h(l) be the second derivative of r(l). Give h(-4).
-6
Let l(f) = -f**2 + 9*f + 8. Let x(v) = 3*v**2 - 25*v - 22. Let b(c) = -11*l(c) - 4*x(c). Determine b(-5).
-30
Let k = 696 + -703. Let i(j) = 0 - j**2 - j - 7*j - 2 - 2. Calculate i(k).
3
Let h(o) be the third deriv